common divisor of 16 and 8?
8
Calculate the highest common factor of 1710 and 525.
15
What is the highest common divisor of 3874 and 520?
26
Calculate the highest common divisor of 138 and 230.
46
Calculate the greatest common divisor of 33 and 825.
33
Calculate the highest common factor of 864 and 3312.
144
What is the highest common factor of 6 and 618?
6
Calculate the greatest common divisor of 1330 and 105.
35
What is the highest common factor of 10 and 55?
5
What is the greatest common divisor of 22 and 275?
11
Calculate the highest common divisor of 3 and 27.
3
What is the greatest common divisor of 46240 and 160?
160
What is the greatest common divisor of 272 and 34?
34
What is the greatest common factor of 1022 and 56?
14
Calculate the highest common factor of 736 and 13064.
184
Calculate the greatest common factor of 63 and 558.
9
What is the greatest common divisor of 6 and 2874?
6
What is the highest common divisor of 12 and 69?
3
What is the greatest common factor of 10 and 190?
10
Calculate the highest common divisor of 5856 and 8.
8
Calculate the greatest common factor of 5832 and 36.
36
What is the greatest common divisor of 30 and 65?
5
What is the greatest common factor of 300 and 255?
15
Calculate the greatest common divisor of 4005 and 90.
45
Calculate the highest common factor of 287 and 615.
41
Calculate the greatest common factor of 220 and 40.
20
Calculate the highest common divisor of 1300 and 1075.
25
Calculate the highest common factor of 22 and 4.
2
Calculate the highest common factor of 37 and 2183.
37
What is the greatest common divisor of 16765 and 140?
35
Calculate the greatest common divisor of 88 and 33.
11
Calculate the highest common factor of 1518 and 14927.
253
Calculate the highest common divisor of 92 and 9936.
92
What is the greatest common divisor of 20277 and 54?
27
What is the greatest common divisor of 225 and 85?
5
Calculate the greatest common divisor of 119 and 1156.
17
What is the highest common divisor of 572 and 88?
44
Calculate the greatest common factor of 14 and 434.
14
Calculate the highest common factor of 170 and 410.
10
What is the greatest common factor of 1652 and 21?
7
Calculate the greatest common factor of 10 and 2270.
10
Calculate the greatest common divisor of 966 and 5934.
138
What is the highest common factor of 145 and 45675?
145
What is the greatest common factor of 95 and 1805?
95
What is the highest common factor of 556 and 2502?
278
What is the greatest common factor of 69 and 26358?
69
What is the highest common factor of 9432 and 40?
8
What is the highest common factor of 364 and 2968?
28
What is the greatest common factor of 328 and 6724?
164
Calculate the greatest common factor of 323 and 51.
17
What is the highest common divisor of 837 and 682?
31
What is the greatest common factor of 39 and 6513?
39
Calculate the highest common factor of 1245 and 45.
15
What is the highest common divisor of 27 and 144?
9
What is the highest common divisor of 9 and 5904?
9
What is the greatest common divisor of 3826 and 6?
2
What is the greatest common divisor of 1530 and 1632?
102
Calculate the highest common factor of 387 and 86.
43
Calculate the highest common divisor of 2106 and 162.
162
Calculate the highest common factor of 160 and 64.
32
What is the highest common divisor of 5290 and 1265?
115
What is the highest common factor of 11 and 44?
11
Calculate the highest common divisor of 37 and 17723.
37
Calculate the highest common factor of 1935 and 450.
45
Calculate the highest common divisor of 782 and 184.
46
What is the highest common divisor of 5 and 2?
1
What is the greatest common factor of 110 and 1628?
22
Calculate the greatest common factor of 1136 and 16.
16
Calculate the highest common factor of 39 and 104.
13
Calculate the highest common divisor of 168 and 49308.
84
Calculate the highest common divisor of 56 and 3276.
28
Calculate the greatest common factor of 61 and 2501.
61
Calculate the greatest common factor of 56 and 238.
14
Calculate the highest common divisor of 920 and 24.
8
Calculate the highest common factor of 18634 and 308.
154
Calculate the greatest common divisor of 89 and 5429.
89
What is the highest common factor of 4543 and 14?
7
What is the highest common factor of 36267 and 21?
21
Calculate the greatest common factor of 126 and 6174.
126
What is the greatest common factor of 16 and 16?
16
Calculate the greatest common divisor of 24 and 120.
24
Calculate the greatest common factor of 7463 and 17.
17
Calculate the greatest common factor of 28 and 20.
4
What is the greatest common factor of 14060 and 1900?
380
What is the highest common factor of 134 and 2747?
67
What is the greatest common divisor of 45 and 1107?
9
What is the greatest common factor of 150 and 310?
10
What is the greatest common factor of 2019 and 3?
3
What is the highest common factor of 154 and 1463?
77
What is the greatest common divisor of 55 and 15?
5
What is the highest common divisor of 22 and 7194?
22
What is the highest common factor of 76 and 7372?
76
What is the highest common factor of 8404 and 308?
44
Calculate the highest common factor of 4 and 1512.
4
Calculate the greatest common divisor of 268 and 3886.
134
What is the highest common divisor of 1157 and 26?
13
Calculate the highest common factor of 37906 and 22.
22
What is the greatest common factor of 564 and 12?
12
Calculate the highest common divisor of 736 and 8.
8
Calculate the greatest common factor of 539 and 98.
49
Calculate the greatest common factor of 16 and 8.
8
Calculate the highest common divisor of 22 and 1298.
22
Calculate the greatest common divisor of 1676 and 4.
4
Calculate the highest common divisor of 4071 and 177.
177
Calculate the greatest common divisor of 4869 and 153.
9
Calculate the highest common divisor of 68442 and 61.
61
What is the greatest common divisor of 2292 and 12?
12
What is the highest common divisor of 705 and 45?
15
What is the highest common factor of 2373 and 112?
7
What is the highest common divisor of 210 and 357?
21
Calculate the highest common factor of 721 and 21.
7
Calculate the greatest common divisor of 104 and 2600.
104
What is the highest common factor of 408 and 255?
51
What is the greatest common factor of 136 and 2414?
34
What is the highest common divisor of 4466 and 22?
22
What is the highest common divisor of 140 and 1600?
20
Calculate the greatest common divisor of 132 and 13816.
44
Calculate the highest common factor of 1150 and 25.
25
What is the greatest common divisor of 1067 and 121?
11
Calculate the highest common factor of 16 and 984.
8
What is the greatest common divisor of 35875 and 861?
287
Calculate the greatest common factor of 139 and 5977.
139
What is the greatest common divisor of 36 and 3951?
9
What is the highest common divisor of 4495 and 145?
145
Calculate the highest common factor of 551 and 608.
19
Calculate the highest common factor of 8 and 17624.
8
What is the highest common factor of 11 and 1309?
11
Calculate the highest common factor of 26649 and 21.
21
Calculate the greatest common factor of 158 and 6.
2
What is the greatest common divisor of 2882 and 44?
22
What is the highest common factor of 3 and 8?
1
Calculate the highest common factor of 16512 and 36.
12
What is the greatest common divisor of 5 and 17345?
5
Calculate the highest common factor of 1092 and 28.
28
What is the highest common divisor of 2373 and 42?
21
What is the highest common divisor of 150 and 120?
30
What is the highest common factor of 10 and 415?
5
Calculate the greatest common divisor of 205 and 5.
5
What is the greatest common factor of 425 and 50?
25
Calculate the highest common factor of 64 and 208.
16
Calculate the greatest common divisor of 308 and 55.
11
Calculate the greatest common factor of 79 and 10507.
79
Calculate the greatest common divisor of 6750 and 27.
27
What is the greatest common divisor of 1792 and 7?
7
What is the greatest common factor of 171 and 3401?
19
Calculate the highest common factor of 5 and 20.
5
Calculate the greatest common factor of 3774 and 102.
102
Calculate the greatest common divisor of 9 and 369.
9
Calculate the greatest common factor of 84 and 156.
12
Calculate the highest common divisor of 36 and 729.
9
What is